= 5*o**2 - o + 2. Suppose 2*d + c - 20 = 0, -4*d = c - 11 - 27. What is the remainder when k(-2) is divided by d?
6
Let s = -1 + -1. Let p = s + -3. Let h = 5 - p. What is the remainder when h is divided by 6?
4
Let n = -7 - -18. Suppose 0 = 3*t + 9, -4*d + 0*t = 2*t - 14. Suppose d*w - 24 - n = 0. Calculate the remainder when 13 is divided by w.
6
Suppose 3*n - 5*b - 5 = 0, -2*b = -3*n - n + 16. Suppose 3*t = -t + 8, 5*t + 230 = n*j. Calculate the remainder when j is divided by 17.
14
Suppose -18 = 5*n - 158. Suppose -3*t + 2*t + n = -4*v, 3*v + 31 = 2*t. Calculate the remainder when t is divided by 2.
0
Suppose -5*c - n = -32, -5*n - 28 = -3*c - 10*n. Calculate the remainder when (-3)/(9/6) + 18 is divided by c.
4
Suppose 2*z + 21 = x, -2*z = -x + 5*x - 34. Calculate the remainder when 40 is divided by x.
7
Let q(l) = -2*l**3 - 12*l**2 - 6*l - 12. Calculate the remainder when 93 is divided by q(-6).
21
Suppose -72 + 241 = 13*u. What is the remainder when u is divided by 4?
1
Let m = -5 - -14. Let k be (-40)/6 - 10/(-15). What is the remainder when (-15)/(-10)*(-100)/k is divided by m?
7
Let g = 164 + -124. Calculate the remainder when g is divided by 9.
4
What is the remainder when 93 is divided by (-2)/3*24/(-1)?
13
Suppose 0 = k + 2*d - 27, 59 = 3*k - 3*d - 2*d. Calculate the remainder when (-6)/(-15) + 64*(-14)/(-10) is divided by k.
21
Let o(i) = 3*i**2 - 3. Let n be o(5). Suppose -n = -3*k + 90. Let b(y) = y + 14. Calculate the remainder when k is divided by b(0).
12
Suppose 5 = 4*w + q, -4*w + q - 4 - 1 = 0. Suppose w = 2*m - 4, 2*m = 4*l + l - 66. Calculate the remainder when (-3)/9 + (-164)/(-6) is divided by l.
13
Suppose 2*o - 18 = 108. Let i = o + -28. What is the remainder when i is divided by 12?
11
Suppose 0 = -2*s + 50 + 76. Suppose -3*a - s = -4*n, 3*a - 21 = -6*n + 3*n. Suppose 6*x = 3*x + 102. Calculate the remainder when x is divided by n.
10
Let p(y) be the second derivative of y**4/12 - 3*y**3/2 + y**2/2 + y. What is the remainder when 3 is divided by p(9)?
0
Suppose -3*m - 129 = -3*y - 0*m, 2*m + 4 = 0. Calculate the remainder when 118 is divided by y.
36
Let d(t) = -2*t**2 - 1. Let c be d(2). What is the remainder when (-3 + -15)/(c/6) is divided by 5?
2
Let q = -60 - -88. What is the remainder when 82 is divided by q?
26
Suppose 2*r - 2*b - 50 = 0, -2*b + 68 = 3*r + 18. Calculate the remainder when r is divided by 11.
9
Suppose r - 5 = 1. Let p be 0 + r/(-9)*-3. Calculate the remainder when ((-56)/(-16))/(1/p) is divided by 4.
3
Let m(q) = q**3 - 5*q**2 + 3*q - 7. Let j be (2 + -3 - -2)*5. Suppose 3*d + 56 = j*d - 3*g, -5*d + 90 = 5*g. What is the remainder when d is divided by m(5)?
6
Calculate the remainder when 94 is divided by (-1)/(-2) + 1900/40.
46
Let x(o) = o**2 - o + 31. Let a = 20 - 9. What is the remainder when x(0) is divided by a?
9
Suppose 0 = -3*l + 5*l - 16. What is the remainder when 22 is divided by l?
6
Suppose -3*t + 3*q = -357, 3*q - 228 = -3*t + t. What is the remainder when t is divided by 20?
17
Suppose 3*b + 5*i - 26 = 0, 2*i + 2*i + 105 = 5*b. Calculate the remainder when 10/3*(-480)/(-50) is divided by b.
15
What is the remainder when (-12)/3 + 66 + (4 - -1) is divided by 4?
3
Let d be 2/9 + (-428)/(-18). Suppose c + b - 9 = 5, -3*b = c - d. What is the remainder when 35 is divided by c?
8
Let q = -5 - 35. Let k = q - -70. Calculate the remainder when k is divided by 16.
14
Let r(i) = -i**2 - 8*i - 7. Let n be (-6)/(-1)*(-3 - -2). Let q = 3 + -1. Calculate the remainder when r(n) is divided by q.
1
Let j(h) = h**3 + 6*h**2 + 5*h + 1. Let x be (2 + 1)*16/(-12). Let z be j(x). Suppose p - z - 22 = 0. What is the remainder when p is divided by 12?
11
Suppose 44 = 5*a - 101. Calculate the remainder when a is divided by 10.
9
Let u(v) = -1. Let p(i) = -i + 7. Let y(o) = 2*p(o) + 10*u(o). Calculate the remainder when 29 is divided by y(-3).
9
Let n(v) = -2*v. Let h be n(6). Calculate the remainder when (9/h)/((-1)/4) is divided by 2.
1
Let k = 4 + 14. What is the remainder when 53*(2 + (-1)/1) is divided by k?
17
Suppose -4*w + 256 = 3*q, -q = -3*w + 2*w - 76. What is the remainder when q is divided by 22?
14
Suppose 2*k - 9 = -k. Let o = k - -9. What is the remainder when 45 is divided by o?
9
Suppose -z - 14 = -t, 2*z + 40 = -2*t + 5*t. Calculate the remainder when 22 is divided by t.
10
Let n(u) = 10*u - 1 - 4*u + 0. What is the remainder when n(7) is divided by 15 + (2 - (-1 - -4))?
13
Let s(c) = 5*c - 3. Calculate the remainder when 78 is divided by s(6).
24
What is the remainder when 35 is divided by 6/(-18)*(1 - 70)?
12
Suppose -a + 0*a = -25. Let k(o) be the first derivative of -47*o**4/4 + 2*o**3/3 + o**2/2 - 1. Calculate the remainder when k(-1) is divided by a.
23
Let r(o) = o**2 + o - 4. Let n be r(-3). Suppose 0 = n*t + 3*m - 65, -4*t - 39 = m - 164. What is the remainder when t is divided by 11?
9
Let c be (1/(-1))/((-2)/(-10)). Let l = c + 20. Suppose 36 = 5*z - 4*x, -7*z + 36 = -3*z + 4*x. What is the remainder when l is divided by z?
7
Let u(j) = j**3 - 8*j**2 + 9*j - 9. Let f be u(7). Suppose -3*h - 15 = -f*a - 5*h, 2 = -3*a + h. What is the remainder when 1 is divided by a?
0
Suppose 0*a = a - 3. Suppose v = a*v. Let s = 2 - v. Calculate the remainder when s is divided by 1.
0
Calculate the remainder when 47 is divided by (105/30)/(2/4).
5
Let q(i) be the second derivative of i**4/12 + 5*i**3/6 - 3*i**2 + 2*i. Let u be q(-6). Suppose u = -5*f + 5 - 0. What is the remainder when 1 is divided by f?
0
Let h = 18 - 15. Suppose -h*l + 4*l = 33. Calculate the remainder when l is divided by 12.
9
Suppose 5*h - 122 = -5*l + 63, 0 = l + 2*h - 41. Suppose -l - 19 = -4*t. What is the remainder when 36 is divided by t?
10
Calculate the remainder when 153 is divided by (7 + -3 - 3)*(0 + 14).
13
Let a be 2/(4/6 - 0). Suppose -a*o = -0*o - 2*u, -4*u = 2*o - 16. What is the remainder when o*(-3)/6 - -8 is divided by 4?
3
Suppose 0*x + 2*x = 10. Suppose 3*b - 4*b = -x. Let n(z) = z**2 - 5*z + 4. What is the remainder when 10 is divided by n(b)?
2
Let v be -1 + (46 - (1 + -1)). Let f = 30 + v. Suppose 3*p + 2*p = f. What is the remainder when p is divided by 8?
7
Let b = -74 + 83. What is the remainder when 23 is divided by b?
5
Let p(d) = -d**2 + 14*d - 15. Let k be 1/3 - 140/(-12). Calculate the remainder when 26 is divided by p(k).
8
Let p(t) = 6*t + 1. Calculate the remainder when p(18) is divided by 28.
25
Let q = 54 - 26. Let t = 41 - q. What is the remainder when 24 is divided by t?
11
Let u(a) = -13*a + 5 - 5. Let l = 8 + -9. What is the remainder when u(l) is divided by 7?
6
Let n = -1 + -2. Let i(b) = -2*b - 2. Let j be i(n). Suppose 2*f - j = 8. Calculate the remainder when 11 is divided by f.
5
Suppose -c + 15 + 0 = 0. Suppose n + 18 + 7 = d, 0 = 5*n + c. Calculate the remainder when 62 is divided by d.
18
Let i = 577 + -509. What is the remainder when i is divided by 13 + (0 - 1/(-1))?
12
Suppose 3*h - 4*a - 114 - 9 = 0, 0 = -2*a. Calculate the remainder when h is divided by 11.
8
Let u(o) = -o**3 - 5*o**2 + 5*o + 3. Suppose -t + 3*t + 93 = 5*l, 0 = -5*l - 4*t + 69. Calculate the remainder when l is divided by u(-6).
8
Let o(i) = i**2 + 4*i - 2. Let w be 2/4 + 54/4. Let c = 9 - w. Calculate the remainder when 4 is divided by o(c).
1
Suppose 3*o - 6 = 2*b - 58, b - 5*o = 40. Suppose -3*w = -4*m + 217, 5*w - 110 = -5*m + 205. Calculate the remainder when m is divided by b.
18
Let w = -23 + 14. What is the remainder when 87 is divided by (81/12)/(w/(-24))?
15
Suppose 3*d = 2*i + 4, 0*d + i + 4 = 2*d. Suppose 7*g - 165 = d*g. Let l(f) = 2*f + 5. Calculate the remainder when g is divided by l(7).
17
Let u(l) = 2*l**2 + 2*l - 1. Calculate the remainder when (10/(-12))/(4/(-96)*4) is divided by u(1).
2
Let f(i) = i**2 - 17*i + 34. Calculate the remainder when 70 is divided by f(16).
16
Let k be (2 - 0)*(1 - 0). Let x(y) = -k - y - y - 2*y. What is the remainder when 28 is divided by x(-3)?
8
Let f be (-63)/6 - (-1)/2. Suppose 9 + 7 = -4*t. What is the remainder when ((-18)/(-5))/(t/f) is divided by 6?
3
Let o = -26 - -8. What is the remainder when 25 is divided by -12*(o/(-8))/(-3)?
7
Suppose 3*q - 33 = -2*n, -3*n = 2*q - 21 - 16. What is the remainder when 35 is divided by n?
8
Let h 